What is the greatest common factor of 2 and h?
1
Suppose b = -t - 2*t + 14, -t + 3*b = -8. What is the highest common divisor of 50 and t?
5
Let w be 8/52 + 41/(-13). Let g(b) = b + 1. Let t be g(-1). Let v be w + t - (1 - 20). What is the highest common factor of v and 4?
4
Suppose 2*v - l - 85 = 0, 2*l + 50 = v - 0*v. Calculate the highest common factor of v and 4.
4
Suppose t + 3*t - 704 = 0. Let q(y) = y**2 + 6*y. Let m be q(-8). Calculate the greatest common factor of m and t.
16
Let f be (-180)/12*4/(-10). Calculate the highest common divisor of 54 and f.
6
Suppose a - 6*n + n - 15 = 0, -2*n = 0. Suppose 0 = 7*b - 355 + 145. Calculate the highest common divisor of b and a.
15
Let y(k) = -4*k**3 - 3*k**2 - 2*k. Let z be y(-2). What is the highest common divisor of z and 16?
8
Let d be -3*((-182)/(-6))/7. Let u = 33 + d. Calculate the highest common divisor of u and 4.
4
Suppose 22 + 32 = 6*t. What is the greatest common factor of t and 9?
9
Suppose 3*v - 309 = 3*q, -4*v + 6 = -2*q - 416. Let i(y) = 3*y - 12. Let j be i(8). Calculate the greatest common factor of v and j.
12
Let k be (-1 - (6 + -4)) + 227. Calculate the greatest common divisor of k and 28.
28
Suppose -175 = -3*p - 421. Let y = -56 - p. Let l = y + -15. Calculate the greatest common divisor of 22 and l.
11
Let v(y) = -6*y - 1. Let j be v(-1). Suppose -j*r + 39 + 71 = 0. Suppose 3*f = 2*k + r, 2*f + 46 = 7*f - k. Calculate the greatest common divisor of f and 25.
5
Suppose 2*v = -2*v + 40. What is the highest common factor of v and 10?
10
Let y(a) = -3*a - 3. Let r be y(-3). Let x be ((-1)/(-3))/(6/216). Let w = x - -6. Calculate the highest common factor of w and r.
6
Suppose 3*f + 16 = 2*l + 5*f, -5*f - 64 = -3*l. Let m(p) = 16*p + 31. Let q be m(7). What is the highest common factor of q and l?
13
Let g = 28 - -20. Suppose -32 = l - 4*l - 2*k, -4 = -k. Calculate the greatest common factor of g and l.
8
Suppose -5*q - 21 = -1, o - 5*q = 72. Let j be o/6 + 2/(-3). Calculate the greatest common factor of j and 72.
8
Let s(p) = 5*p**2 + p. Let r be s(-1). Let o(k) = 3*k + 2. Let a be o(r). What is the greatest common divisor of 14 and a?
14
Let w = 23 + -20. What is the highest common divisor of w and 2?
1
Let p(j) = -j**3 + 9*j**2 - 10*j - 10. Let s be p(5). Calculate the greatest common factor of s and 5.
5
Let c(j) = -10*j - 7. Let f be c(-4). Let k be -30*-2*f/9. What is the highest common factor of 20 and k?
20
Let u be (2/(-4))/(2/(-24)). Let m be -1 + u/(-2) + 3. Let b be (-18)/45*(m - 24). What is the greatest common factor of b and 4?
2
Let n = -49 + 81. What is the greatest common divisor of n and 48?
16
Suppose -2*h + 89 = -w, 0 = -2*w + 3*w - 3. Calculate the greatest common factor of h and 92.
46
Let y = 196 + -128. Suppose -t = 3*t - y. Suppose -k + 62 + 6 = 0. Calculate the highest common factor of k and t.
17
Let r(h) = h**2 + 3*h - 2. Let v be r(-5). Let d be 77/4 + (-9)/(-12). Calculate the highest common factor of d and v.
4
Suppose -d - v = -96, -3*d + 239 = -5*v - 17. Calculate the highest common factor of 23 and d.
23
Suppose -j = -2*i - 7 - 4, 0 = -2*j - 5*i + 49. Calculate the highest common divisor of j and 136.
17
Let g be 87 + -4 + (0 - -1). Calculate the greatest common factor of g and 112.
28
Let m(u) = 3*u - 4*u + 1 + 3*u + 4*u. Let t be m(2). What is the highest common divisor of t and 104?
13
Suppose v + 0*v = 0. Suppose v = -4*a + 21 + 3. What is the highest common factor of a and 4?
2
Let x be (-1 - 6 - 36/(-9)) + 68. What is the highest common divisor of 26 and x?
13
Suppose -4*i - 19 = 13. Let b be ((-2)/8)/(2/i). What is the greatest common divisor of b and 3?
1
Let t(a) = -12 - 2*a**3 + 6*a**3 + 9*a - 2*a**3 + 14*a**2 - a**3. Let y be t(-13). What is the highest common factor of 16 and y?
8
Let o(y) = 4*y + 2. Let j be o(8). What is the highest common divisor of j and 85?
17
Suppose 4*b = 3*s + 4 - 11, 4*s - 10 = 5*b. Suppose 0 = -5*k + b*k + 9. Calculate the greatest common divisor of 33 and k.
3
Suppose -2*g = 4*x - 60, 11 = -2*x - 3*g + 37. What is the highest common divisor of 48 and x?
16
Suppose r - 15 = -3*n + 4*n, 0 = -2*r - 4*n. Suppose 2*f - 7*f = -r. Let m = 7 + -5. Calculate the highest common divisor of m and f.
2
Let m be 87 - (-12)/(-2 - 2). Suppose -81 = -3*z + m. What is the highest common factor of z and 22?
11
Let d = -133 + 142. Calculate the highest common divisor of d and 9.
9
Let x = -40 - -44. Let o = -10 + 18. Calculate the greatest common factor of x and o.
4
Suppose n - 5*v - 11 = 21, -5*n - 2*v = -52. Let t(i) = i + 4. Let z be t(0). Suppose -z*u = 13 - 109. Calculate the greatest common divisor of n and u.
12
Let v(i) be the third derivative of i**6/120 - i**5/12 + 7*i**4/24 - i**3 + 2*i**2. Let o be v(6). Calculate the highest common divisor of o and 12.
12
Let h be (-4 + 0)/((-6)/75). Calculate the greatest common factor of h and 25.
25
Let b(n) = 10*n. Let a be b(1). Let l(j) = j**2 - 4*j - 2. Let p be l(6). What is the highest common divisor of a and p?
10
Suppose -3*f + 6 = -d, 4*d - 3*f + 2 = -4. Suppose 3*l + 77 = 2*a + 14, d = 4*a - 5*l - 121. What is the highest common factor of a and 72?
24
Suppose 8 = 3*r - 1. Let w = 11 - r. Let v(j) = 3*j + 2. Let i be v(2). Calculate the highest common factor of i and w.
8
Suppose -9*c + 7*c + 14 = 0. Calculate the highest common factor of 1 and c.
1
Let y = -1 + 9. Let i be 17 + -1 - (-10 + y). Suppose -i - 12 = -2*t. What is the greatest common factor of t and 15?
15
Suppose -30 = -3*r + 3*d, 0 = 5*r + 3*d + d - 68. Let g = r - 2. Let k = g + -5. What is the highest common factor of k and 1?
1
Suppose 4*p - 2*p = 44. Let j = -12 - -10. Let y be (-1 - 0) + 179 + j. What is the highest common factor of y and p?
22
Suppose -179 = 4*z - 3*j + 6*j, 230 = -5*z - 5*j. Let h = 29 - z. Calculate the highest common factor of h and 14.
14
Suppose l = -2*l + 51. Let p = -77 + 485. Suppose -z + p = 2*z. Calculate the greatest common divisor of z and l.
17
Let s = 10 + -8. Let q be -1*(-5 + s - 2). Suppose y - q*y + 56 = 0. Calculate the greatest common factor of 70 and y.
14
Let l be (-2)/3*(9 + -18). What is the greatest common factor of 12 and l?
6
Let h(c) = -7*c - 23. Let g be h(-5). Calculate the highest common factor of g and 96.
12
Let h be (-15)/(-2)*(-4)/(-6). Suppose -w = -h*w + 8. Calculate the highest common divisor of 5 and w.
1
Let g(y) = -y**2 - 10*y - 8. Suppose 4*u + 26 = -2*n, 4*u - 37 = 5*n - 0*n. Let f be g(n). Let d = 2 + f. Calculate the highest common divisor of 33 and d.
3
Let v be (-1 + 0)/((-2)/84). What is the greatest common divisor of v and 70?
14
Suppose 72 = 3*p + p. What is the highest common factor of p and 72?
18
Suppose 3*w - 3 = 2*w. Suppose 2*l - w*l - 75 = 0. Let j be (8/(-6))/(10/l). Calculate the greatest common factor of 40 and j.
10
Let r(t) = t**2 - 27*t + 26. Let u(c) = 9*c - 9. Let d(l) = 2*r(l) + 7*u(l). Let o be d(-11). What is the highest common factor of 12 and o?
12
Let o = 120 + -207. Let r = -7 - o. Calculate the greatest common factor of r and 16.
16
Let w(i) = -i + 2. Let v be w(-10). Let f = v - 9. Calculate the greatest common divisor of f and 21.
3
Let h(k) = 3*k + 11. Let a be h(5). Suppose -u = 3*d - 35, d + d = 2*u + a. Calculate the greatest common divisor of d and 30.
6
Suppose 0 = -3*q + l + 173, -3*q + l = 2*q - 285. Calculate the highest common divisor of q and 28.
28
Suppose 5*k = 3*k + 144. What is the greatest common factor of k and 8?
8
Suppose 0 = 2*a + 5*z - 37, z - 20 = -3*z. Suppose 2*s - a = s. Let l be (s + -2)/(4/50). Calculate the greatest common factor of 10 and l.
10
Let b(w) be the third derivative of w**4/6 - w**3/6 - 3*w**2. Let c be b(9). Calculate the greatest common divisor of c and 35.
35
Suppose 10 + 2 = 4*a. What is the highest common divisor of 12 and a?
3
Suppose -3*c = -0*c + 15, -c = -4*k + 13. Let x(y) = y**2 - 2. Let z be x(3). Let l = 17 - z. Calculate the greatest common factor of k and l.
2
Let n(a) = a**3 + 6*a**2 - 2*a - 5. Suppose 0 = -5*s + 5*u - 5, 2*u + 2*u = -16. Let y be n(s). Calculate the greatest common factor of 12 and y.
6
Let n = 75 - 35. What is the greatest common divisor of 30 and n?
10
Suppose 0 = p - 6 + 3. Suppose -p = -z + 8. Suppose 3*q - 5*s - 145 = 0